{"id":724,"date":"2018-07-01T17:25:51","date_gmt":"2018-07-01T15:25:51","guid":{"rendered":"https:\/\/blogs.ugr.es\/smlab\/?page_id=724"},"modified":"2018-07-03T12:45:29","modified_gmt":"2018-07-03T10:45:29","slug":"de1de2tfm","status":"publish","type":"page","link":"https:\/\/blogs.ugr.es\/smlab\/master-bim_ugr\/de1de2tfm\/","title":{"rendered":"DEBIM1+DEBIM2+TFM"},"content":{"rendered":"<p><span style=\"color: #993366\"><strong>M\u00c1STER EN MODELADO, COLABORACI\u00d3N, INTEROPERABILIDAD Y GESTI\u00d3N DE PROYECTOS Y PATRIMONIO EN EL CICLO DE VIDA MEDIANTE METODOLOG\u00cdA BIM. PERFIL BIM MANAGER<\/strong><\/span><\/p>\n<p>Primera edici\u00f3n: Curso 2019-2020<\/p>\n","protected":false},"excerpt":{"rendered":"<p>M\u00c1STER EN MODELADO, COLABORACI\u00d3N, INTEROPERABILIDAD Y GESTI\u00d3N DE PROYECTOS Y PATRIMONIO EN EL CICLO DE VIDA MEDIANTE METODOLOG\u00cdA BIM. PERFIL BIM MANAGER Primera edici\u00f3n: Curso 2019-2020<\/p>\n","protected":false},"author":29,"featured_media":0,"parent":679,"menu_order":0,"comment_status":"closed","ping_status":"closed","template":"","meta":{"_genesis_hide_title":false,"_genesis_hide_breadcrumbs":false,"_genesis_hide_singular_image":false,"_genesis_hide_footer_widgets":false,"_genesis_custom_body_class":"","_genesis_custom_post_class":"","_genesis_layout":"","footnotes":""},"categories":[],"tags":[],"class_list":{"0":"post-724","1":"page","2":"type-page","3":"status-publish","5":"entry"},"_links":{"self":[{"href":"https:\/\/blogs.ugr.es\/smlab\/wp-json\/wp\/v2\/pages\/724","targetHints":{"allow":["GET"]}}],"collection":[{"href":"https:\/\/blogs.ugr.es\/smlab\/wp-json\/wp\/v2\/pages"}],"about":[{"href":"https:\/\/blogs.ugr.es\/smlab\/wp-json\/wp\/v2\/types\/page"}],"author":[{"embeddable":true,"href":"https:\/\/blogs.ugr.es\/smlab\/wp-json\/wp\/v2\/users\/29"}],"replies":[{"embeddable":true,"href":"https:\/\/blogs.ugr.es\/smlab\/wp-json\/wp\/v2\/comments?post=724"}],"version-history":[{"count":3,"href":"https:\/\/blogs.ugr.es\/smlab\/wp-json\/wp\/v2\/pages\/724\/revisions"}],"predecessor-version":[{"id":759,"href":"https:\/\/blogs.ugr.es\/smlab\/wp-json\/wp\/v2\/pages\/724\/revisions\/759"}],"up":[{"embeddable":true,"href":"https:\/\/blogs.ugr.es\/smlab\/wp-json\/wp\/v2\/pages\/679"}],"wp:attachment":[{"href":"https:\/\/blogs.ugr.es\/smlab\/wp-json\/wp\/v2\/media?parent=724"}],"wp:term":[{"taxonomy":"category","embeddable":true,"href":"https:\/\/blogs.ugr.es\/smlab\/wp-json\/wp\/v2\/categories?post=724"},{"taxonomy":"post_tag","embeddable":true,"href":"https:\/\/blogs.ugr.es\/smlab\/wp-json\/wp\/v2\/tags?post=724"}],"curies":[{"name":"wp","href":"https:\/\/api.w.org\/{rel}","templated":true}]}}