{"id":266,"date":"2022-04-24T13:05:43","date_gmt":"2022-04-24T11:05:43","guid":{"rendered":"https:\/\/blogs.ugr.es\/tfm-master-idcim\/?page_id=266"},"modified":"2023-05-25T15:52:36","modified_gmt":"2023-05-25T13:52:36","slug":"farmacos-quimicos","status":"publish","type":"page","link":"https:\/\/blogs.ugr.es\/tfm-master-idcim\/farmacos-quimicos\/","title":{"rendered":"F\u00e1rmacos qu\u00edmicos"},"content":{"rendered":"<p style=\"text-align: center\"><a href=\"https:\/\/blogs.ugr.es\/tfm-master-idcim\/cocristales-para-la-mejora-de-las-propiedades-fisicoquimicas-del-farmaco-antiinflamatorio-etenzamida-angel-ibanez\/\">Cocristales para la mejora de las propiedades fisicoqu\u00edmicas del f\u00e1rmaco antiinflamatorio etenzamida \u2013 \u00c1ngel Iba\u00f1ez<\/a><\/p>\n<p style=\"text-align: center\"><a href=\"https:\/\/blogs.ugr.es\/tfm-master-idcim\/derivados-de-5-quinolinol-como-posibles-agentes-antitumorales-alba-dominguez-encinas\/\">Derivados de 5-quinolinol como posibles agentes antitumorales \u2013 Alba Dom\u00ednguez Encinas<\/a><\/p>\n<p style=\"text-align: center\"><a href=\"https:\/\/blogs.ugr.es\/tfm-master-idcim\/disenando-nuevos-farmacos-para-el-tratamiento-del-cancer\/\">Dise\u00f1ando nuevos f\u00e1rmacos para el tratamiento del c\u00e1ncer \u2013 Laura Erviti Marticorena<\/a><\/p>\n<p style=\"text-align: center\"><a href=\"https:\/\/blogs.ugr.es\/tfm-master-idcim\/diseno-sintesis-y-evaluacion-biologica-de-nuevos-compuestos-para-tratar-el-cancer\/\">Dise\u00f1o, s\u00edntesis y evaluaci\u00f3n biol\u00f3gica de nuevos compuestos para tratar el c\u00e1ncer\u00a0&#8211; Iria Alonso Alves<\/a><\/p>\n<p style=\"text-align: center\"><a href=\"https:\/\/blogs.ugr.es\/tfm-master-idcim\/diseno-y-estudio-de-nuevos-farmacos-con-posible-actividad-antitumoral\/\">Dise\u00f1o y estudio de nuevos f\u00e1rmacos con posible actividad antitumoral \u2013 Noelia Ruiz Cuevas<\/a><\/p>\n<p style=\"text-align: center\"><a href=\"https:\/\/blogs.ugr.es\/tfm-master-idcim\/diseno-sintesis-y-evaluacion-biologica-de-derivados-diazufrados-inhibidores-de-la-enzima-colina-quinasa\/\">Dise\u00f1o, s\u00edntesis y evaluaci\u00f3n biol\u00f3gica de derivados diazufrados inhibidores de la enzima colina quinasa \u2013 Marina Ubeda<\/a><\/p>\n<p style=\"text-align: center\"><a href=\"https:\/\/blogs.ugr.es\/tfm-master-idcim\/estudio-sobre-la-expresion-de-genes-de-pimiento-capsicum-annuum-l-y-sus-aplicaciones-farmacologicas-quercetina\/\">Estudio sobre la expresi\u00f3n de genes de pimiento (Capsicum annuum L.) y sus aplicaciones farmacol\u00f3gicas: Quercetina \u2013 Ver\u00f3nica Ru\u00edz<\/a><\/p>\n<p style=\"text-align: center\"><a href=\"https:\/\/blogs.ugr.es\/tfm-master-idcim\/nuevos-farmacos-combinados-antibiotico-antiinflamatorio\/\">Nuevos f\u00e1rmacos combinados: antibi\u00f3tico + antiinflamatorio &#8211; Ana Cruz Mu\u00f1oz<\/a><\/p>\n<p style=\"text-align: center\"><a href=\"https:\/\/blogs.ugr.es\/tfm-master-idcim\/sintesis-purificacion-y-determinacion-estructural-de-derivados-de-isoquinolin-5-ol-como-agentes-antitumorales\/\">S\u00edntesis, purificaci\u00f3n y determinaci\u00f3n estructural de derivados de isoquinolin-5-ol como agentes antitumorales \u2013 Soledad Romero<\/a><\/p>\n","protected":false},"excerpt":{"rendered":"<p>Cocristales para la mejora de las propiedades fisicoqu\u00edmicas del f\u00e1rmaco antiinflamatorio etenzamida \u2013 \u00c1ngel Iba\u00f1ez Derivados de 5-quinolinol como posibles agentes antitumorales \u2013 Alba Dom\u00ednguez Encinas Dise\u00f1ando nuevos f\u00e1rmacos para el tratamiento del c\u00e1ncer \u2013 Laura Erviti Marticorena Dise\u00f1o, s\u00edntesis y evaluaci\u00f3n biol\u00f3gica de nuevos compuestos para tratar el c\u00e1ncer\u00a0&#8211; Iria Alonso Alves Dise\u00f1o y [&hellip;]<\/p>\n","protected":false},"author":589,"featured_media":0,"parent":0,"menu_order":0,"comment_status":"closed","ping_status":"closed","template":"","meta":{"_genesis_hide_title":false,"_genesis_hide_breadcrumbs":false,"_genesis_hide_singular_image":false,"_genesis_hide_footer_widgets":false,"_genesis_custom_body_class":"","_genesis_custom_post_class":"","_genesis_layout":"","footnotes":""},"categories":[13],"tags":[],"class_list":{"0":"post-266","1":"page","2":"type-page","3":"status-publish","5":"category-sin-categoria-es","6":"entry"},"_links":{"self":[{"href":"https:\/\/blogs.ugr.es\/tfm-master-idcim\/wp-json\/wp\/v2\/pages\/266","targetHints":{"allow":["GET"]}}],"collection":[{"href":"https:\/\/blogs.ugr.es\/tfm-master-idcim\/wp-json\/wp\/v2\/pages"}],"about":[{"href":"https:\/\/blogs.ugr.es\/tfm-master-idcim\/wp-json\/wp\/v2\/types\/page"}],"author":[{"embeddable":true,"href":"https:\/\/blogs.ugr.es\/tfm-master-idcim\/wp-json\/wp\/v2\/users\/589"}],"replies":[{"embeddable":true,"href":"https:\/\/blogs.ugr.es\/tfm-master-idcim\/wp-json\/wp\/v2\/comments?post=266"}],"version-history":[{"count":3,"href":"https:\/\/blogs.ugr.es\/tfm-master-idcim\/wp-json\/wp\/v2\/pages\/266\/revisions"}],"predecessor-version":[{"id":1153,"href":"https:\/\/blogs.ugr.es\/tfm-master-idcim\/wp-json\/wp\/v2\/pages\/266\/revisions\/1153"}],"wp:attachment":[{"href":"https:\/\/blogs.ugr.es\/tfm-master-idcim\/wp-json\/wp\/v2\/media?parent=266"}],"wp:term":[{"taxonomy":"category","embeddable":true,"href":"https:\/\/blogs.ugr.es\/tfm-master-idcim\/wp-json\/wp\/v2\/categories?post=266"},{"taxonomy":"post_tag","embeddable":true,"href":"https:\/\/blogs.ugr.es\/tfm-master-idcim\/wp-json\/wp\/v2\/tags?post=266"}],"curies":[{"name":"wp","href":"https:\/\/api.w.org\/{rel}","templated":true}]}}