{"id":268,"date":"2022-04-24T13:20:32","date_gmt":"2022-04-24T11:20:32","guid":{"rendered":"https:\/\/blogs.ugr.es\/tfm-master-idcim\/?page_id=268"},"modified":"2023-05-25T15:41:47","modified_gmt":"2023-05-25T13:41:47","slug":"nanotecnologia","status":"publish","type":"page","link":"https:\/\/blogs.ugr.es\/tfm-master-idcim\/nanotecnologia\/","title":{"rendered":"Nanotecnolog\u00eda"},"content":{"rendered":"<p style=\"text-align: center\"><a href=\"https:\/\/blogs.ugr.es\/tfm-master-idcim\/desarrollo-de-nanoparticulas-para-el-diagnostico-sencillo-de-enfermedades\/\">Desarrollo de nanopart\u00edculas para el diagn\u00f3stico sencillo de enfermedades &#8211; Ismael Martos Jamai<\/a><\/p>\n<p style=\"text-align: center\"><a href=\"https:\/\/blogs.ugr.es\/tfm-master-idcim\/determinacion-de-serotonina-a-partir-de-sensores-colorimetricos\/\">Determinaci\u00f3n de serotonina a partir de sensores colorim\u00e9tricos \u2013 Ricardo Rubio Rum\u00ed<\/a><\/p>\n<p style=\"text-align: center\"><a href=\"https:\/\/blogs.ugr.es\/tfm-master-idcim\/diseno-de-nanoparticulas-con-potencial-aplicacion-en-terapia-antitumoral\/\">Dise\u00f1o de nanopart\u00edculas con potencial aplicaci\u00f3n en terapia antitumoral \u2013 Ana Medina Moreno<\/a><\/p>\n<p style=\"text-align: center\"><a href=\"https:\/\/blogs.ugr.es\/tfm-master-idcim\/empleo-de-la-nanotecnologia-para-transportar-farmacos-en-el-organismo\/\">Empleo de la nanotecnolog\u00eda para transportar f\u00e1rmacos en el organismo \u2013 Pablo Nevado L\u00f3pez<\/a><\/p>\n<p style=\"text-align: center\"><a href=\"https:\/\/blogs.ugr.es\/tfm-master-idcim\/nanoencapsulacion-de-antibioticos-para-el-tratamiento-de-la-mastitis-caprina-natalia-lopez-garrido\/\">Nanoencapsulaci\u00f3n de antibi\u00f3ticos para el tratamiento de la mastitis caprina \u2013 Natalia L\u00f3pez Garrido<\/a><\/p>\n<p style=\"text-align: center\"><a href=\"https:\/\/blogs.ugr.es\/tfm-master-idcim\/nanosistemas-multifuncionales-como-estrategia-novedosa-para-la-terapia-del-cancer\/\">Nanosistemas multifuncionales como estrategia novedosa para la terapia del cancer &#8211; Paula Mart\u00edn Gamero<\/a><\/p>\n<p style=\"text-align: center\">\n<p style=\"text-align: center\">\n","protected":false},"excerpt":{"rendered":"<p>Desarrollo de nanopart\u00edculas para el diagn\u00f3stico sencillo de enfermedades &#8211; Ismael Martos Jamai Determinaci\u00f3n de serotonina a partir de sensores colorim\u00e9tricos \u2013 Ricardo Rubio Rum\u00ed Dise\u00f1o de nanopart\u00edculas con potencial aplicaci\u00f3n en terapia antitumoral \u2013 Ana Medina Moreno Empleo de la nanotecnolog\u00eda para transportar f\u00e1rmacos en el organismo \u2013 Pablo Nevado L\u00f3pez Nanoencapsulaci\u00f3n de antibi\u00f3ticos [&hellip;]<\/p>\n","protected":false},"author":589,"featured_media":0,"parent":0,"menu_order":0,"comment_status":"closed","ping_status":"closed","template":"","meta":{"_genesis_hide_title":false,"_genesis_hide_breadcrumbs":false,"_genesis_hide_singular_image":false,"_genesis_hide_footer_widgets":false,"_genesis_custom_body_class":"","_genesis_custom_post_class":"","_genesis_layout":"","footnotes":""},"categories":[13],"tags":[],"class_list":{"0":"post-268","1":"page","2":"type-page","3":"status-publish","5":"category-sin-categoria-es","6":"entry"},"_links":{"self":[{"href":"https:\/\/blogs.ugr.es\/tfm-master-idcim\/wp-json\/wp\/v2\/pages\/268","targetHints":{"allow":["GET"]}}],"collection":[{"href":"https:\/\/blogs.ugr.es\/tfm-master-idcim\/wp-json\/wp\/v2\/pages"}],"about":[{"href":"https:\/\/blogs.ugr.es\/tfm-master-idcim\/wp-json\/wp\/v2\/types\/page"}],"author":[{"embeddable":true,"href":"https:\/\/blogs.ugr.es\/tfm-master-idcim\/wp-json\/wp\/v2\/users\/589"}],"replies":[{"embeddable":true,"href":"https:\/\/blogs.ugr.es\/tfm-master-idcim\/wp-json\/wp\/v2\/comments?post=268"}],"version-history":[{"count":3,"href":"https:\/\/blogs.ugr.es\/tfm-master-idcim\/wp-json\/wp\/v2\/pages\/268\/revisions"}],"predecessor-version":[{"id":1147,"href":"https:\/\/blogs.ugr.es\/tfm-master-idcim\/wp-json\/wp\/v2\/pages\/268\/revisions\/1147"}],"wp:attachment":[{"href":"https:\/\/blogs.ugr.es\/tfm-master-idcim\/wp-json\/wp\/v2\/media?parent=268"}],"wp:term":[{"taxonomy":"category","embeddable":true,"href":"https:\/\/blogs.ugr.es\/tfm-master-idcim\/wp-json\/wp\/v2\/categories?post=268"},{"taxonomy":"post_tag","embeddable":true,"href":"https:\/\/blogs.ugr.es\/tfm-master-idcim\/wp-json\/wp\/v2\/tags?post=268"}],"curies":[{"name":"wp","href":"https:\/\/api.w.org\/{rel}","templated":true}]}}