{"id":272,"date":"2022-04-24T13:25:25","date_gmt":"2022-04-24T11:25:25","guid":{"rendered":"https:\/\/blogs.ugr.es\/tfm-master-idcim\/?page_id=272"},"modified":"2023-05-25T15:27:04","modified_gmt":"2023-05-25T13:27:04","slug":"cosmetica","status":"publish","type":"page","link":"https:\/\/blogs.ugr.es\/tfm-master-idcim\/cosmetica\/","title":{"rendered":"Cosm\u00e9tica"},"content":{"rendered":"<p style=\"text-align: center\"><a href=\"https:\/\/blogs.ugr.es\/tfm-master-idcim\/estudio-quimico-mineralogico-de-talcos-comerciales-de-amazon-y-evaluacion-de-su-aptitud-para-uso-farmaceutico-cosmetico\/\">Estudio qu\u00edmico-mineral\u00f3gico de talcos comerciales de Amazon y evaluaci\u00f3n de su aptitud para uso farmac\u00e9utico-cosm\u00e9tico &#8211; Laura Cazorla<\/a><\/p>\n<p style=\"text-align: center\"><a href=\"https:\/\/blogs.ugr.es\/tfm-master-idcim\/evaluacion-de-la-calidad-de-polvos-de-talco-comercializados-en-marruecos-para-uso-farmaceutico-cosmetico\/\">Evaluaci\u00f3n de la calidad de polvos de talco comercializados en Marruecos para uso farmac\u00e9utico-cosm\u00e9tico &#8211; Ayyoub Selmaoui Khayali<\/a><\/p>\n<p style=\"text-align: center\"><a href=\"https:\/\/blogs.ugr.es\/tfm-master-idcim\/investigacion-en-polvos-de-talco-de-noruega-evaluacion-de-calidad-para-su-uso-farmaceutico-cosmetico\/\">Investigaci\u00f3n en polvos de talco de Noruega. Evaluaci\u00f3n de calidad para su uso farmac\u00e9utico-cosm\u00e9tico \u2013 Soraya Mena<\/a><\/p>\n<p style=\"text-align: center\"><a href=\"https:\/\/blogs.ugr.es\/tfm-master-idcim\/polvos-de-talco-del-mercado-italiano-aptitud-farmaceutico-cosmetica\/\">Polvos de talco del mercado italiano. Aptitud farmac\u00e9utico-cosm\u00e9tica \u2013 Bel\u00e9n Mar\u00eda Ruiz Corzo<\/a><\/p>\n<p style=\"text-align: center\">\n","protected":false},"excerpt":{"rendered":"<p>Estudio qu\u00edmico-mineral\u00f3gico de talcos comerciales de Amazon y evaluaci\u00f3n de su aptitud para uso farmac\u00e9utico-cosm\u00e9tico &#8211; Laura Cazorla Evaluaci\u00f3n de la calidad de polvos de talco comercializados en Marruecos para uso farmac\u00e9utico-cosm\u00e9tico &#8211; Ayyoub Selmaoui Khayali Investigaci\u00f3n en polvos de talco de Noruega. Evaluaci\u00f3n de calidad para su uso farmac\u00e9utico-cosm\u00e9tico \u2013 Soraya Mena Polvos de [&hellip;]<\/p>\n","protected":false},"author":589,"featured_media":0,"parent":0,"menu_order":0,"comment_status":"closed","ping_status":"closed","template":"","meta":{"_genesis_hide_title":false,"_genesis_hide_breadcrumbs":false,"_genesis_hide_singular_image":false,"_genesis_hide_footer_widgets":false,"_genesis_custom_body_class":"","_genesis_custom_post_class":"","_genesis_layout":"","footnotes":""},"categories":[13],"tags":[],"class_list":{"0":"post-272","1":"page","2":"type-page","3":"status-publish","5":"category-sin-categoria-es","6":"entry"},"_links":{"self":[{"href":"https:\/\/blogs.ugr.es\/tfm-master-idcim\/wp-json\/wp\/v2\/pages\/272","targetHints":{"allow":["GET"]}}],"collection":[{"href":"https:\/\/blogs.ugr.es\/tfm-master-idcim\/wp-json\/wp\/v2\/pages"}],"about":[{"href":"https:\/\/blogs.ugr.es\/tfm-master-idcim\/wp-json\/wp\/v2\/types\/page"}],"author":[{"embeddable":true,"href":"https:\/\/blogs.ugr.es\/tfm-master-idcim\/wp-json\/wp\/v2\/users\/589"}],"replies":[{"embeddable":true,"href":"https:\/\/blogs.ugr.es\/tfm-master-idcim\/wp-json\/wp\/v2\/comments?post=272"}],"version-history":[{"count":3,"href":"https:\/\/blogs.ugr.es\/tfm-master-idcim\/wp-json\/wp\/v2\/pages\/272\/revisions"}],"predecessor-version":[{"id":1135,"href":"https:\/\/blogs.ugr.es\/tfm-master-idcim\/wp-json\/wp\/v2\/pages\/272\/revisions\/1135"}],"wp:attachment":[{"href":"https:\/\/blogs.ugr.es\/tfm-master-idcim\/wp-json\/wp\/v2\/media?parent=272"}],"wp:term":[{"taxonomy":"category","embeddable":true,"href":"https:\/\/blogs.ugr.es\/tfm-master-idcim\/wp-json\/wp\/v2\/categories?post=272"},{"taxonomy":"post_tag","embeddable":true,"href":"https:\/\/blogs.ugr.es\/tfm-master-idcim\/wp-json\/wp\/v2\/tags?post=272"}],"curies":[{"name":"wp","href":"https:\/\/api.w.org\/{rel}","templated":true}]}}