{"id":271,"date":"2021-07-01T14:00:05","date_gmt":"2021-07-01T12:00:05","guid":{"rendered":"https:\/\/blogs.ugr.es\/xiiiaiecm3\/?page_id=271"},"modified":"2021-11-03T10:26:53","modified_gmt":"2021-11-03T09:26:53","slug":"xiiith-congress","status":"publish","type":"page","link":"https:\/\/blogs.ugr.es\/xiiiaiecm3\/en\/xiiith-congress\/","title":{"rendered":"XIIIth Congress"},"content":{"rendered":"<p style=\"text-align: center\"><strong>XIIIth Congress AIECM3 on Medieval and Modern Period Mediterranean Ceramics<\/strong><\/p>\n<p style=\"text-align: center\"><strong> Granada, 8 to 13 November 2021 1<\/strong><\/p>\n<p style=\"text-align: justify\">The <em>XIIIth Congress on Medieval and Modern Period Mediterranean Ceramics<\/em> of <em>AIECM3<\/em> organized by AIECM3, Universidad de Granada (Departamento de Historia Medieval y Ciencias y T\u00e9cnicas Historiogr\u00e1ficas) and PRINMA; on 8-13 November 2021.<\/p>\n<p style=\"text-align: justify\">AIECM3 is an international association for the study of medieval and modern pottery in the Mediterranean. It organizes the International Conference (CICM3) every three year and also programs innovative thematic workshops. The work of the association has been essential for new achievements and significant reflections about history of pottery.<\/p>\n<p style=\"text-align: justify\">The Congress of AIECM3 to be held for the first time in Granada proposes to continue with the lines of research that emerged from previous international congresses, in addition to emphasizing discussion and debate.<\/p>\n<p>For questions: <strong>&#x69;&#x6e;&#x66;&#x6f;&#97;&#105;&#101;&#99;m3g&#x72;&#x40;&#x67;&#x6d;&#x61;&#105;&#108;&#46;com<\/strong><\/p>\n<p><img loading=\"lazy\" decoding=\"async\" class=\"size-medium wp-image-272 aligncenter\" src=\"https:\/\/blogs.ugr.es\/xiiiaiecm3\/wp-content\/uploads\/sites\/92\/2021\/07\/Sin-titulo3-300x284.png\" alt=\"\" width=\"300\" height=\"284\" srcset=\"https:\/\/blogs.ugr.es\/xiiiaiecm3\/wp-content\/uploads\/sites\/92\/2021\/07\/Sin-titulo3-300x284.png 300w, https:\/\/blogs.ugr.es\/xiiiaiecm3\/wp-content\/uploads\/sites\/92\/2021\/07\/Sin-titulo3.png 340w\" sizes=\"auto, (max-width: 300px) 100vw, 300px\" \/><\/p>\n<p><strong>ORGANISING COMMITTEE:<\/strong><\/p>\n<ul>\n<li>&#8211; Alberto Garc\u00eda Porras<\/li>\n<li>&#8211; Mar\u00eda Jos\u00e9 Peregrina S\u00e1nchez<\/li>\n<li>&#8211; Laura Mart\u00edn Ramos<\/li>\n<li>&#8211; Miguel Busto Zapico<\/li>\n<li>&#8211; Alberto Dorado Alejos<\/li>\n<li>&#8211; Pedro Jim\u00e9nez Castillo<\/li>\n<\/ul>\n<p><strong>ORGANIZE:<\/strong><\/p>\n<p><img loading=\"lazy\" decoding=\"async\" class=\"alignnone wp-image-607\" src=\"https:\/\/blogs.ugr.es\/xiiiaiecm3\/wp-content\/uploads\/sites\/92\/2021\/10\/AIECM3_2-2-241x300.png\" alt=\"\" width=\"121\" height=\"150\" srcset=\"https:\/\/blogs.ugr.es\/xiiiaiecm3\/wp-content\/uploads\/sites\/92\/2021\/10\/AIECM3_2-2-241x300.png 241w, https:\/\/blogs.ugr.es\/xiiiaiecm3\/wp-content\/uploads\/sites\/92\/2021\/10\/AIECM3_2-2.png 425w\" sizes=\"auto, (max-width: 121px) 100vw, 121px\" \/> <img loading=\"lazy\" decoding=\"async\" class=\"alignnone wp-image-608\" src=\"https:\/\/blogs.ugr.es\/xiiiaiecm3\/wp-content\/uploads\/sites\/92\/2021\/10\/Dep_Medieval_2-2-300x184.png\" alt=\"\" width=\"217\" height=\"134\" srcset=\"https:\/\/blogs.ugr.es\/xiiiaiecm3\/wp-content\/uploads\/sites\/92\/2021\/10\/Dep_Medieval_2-2-300x184.png 300w, https:\/\/blogs.ugr.es\/xiiiaiecm3\/wp-content\/uploads\/sites\/92\/2021\/10\/Dep_Medieval_2-2-700x429.png 700w, https:\/\/blogs.ugr.es\/xiiiaiecm3\/wp-content\/uploads\/sites\/92\/2021\/10\/Dep_Medieval_2-2.png 956w\" sizes=\"auto, (max-width: 217px) 100vw, 217px\" \/> <img loading=\"lazy\" decoding=\"async\" class=\"alignnone wp-image-609\" src=\"https:\/\/blogs.ugr.es\/xiiiaiecm3\/wp-content\/uploads\/sites\/92\/2021\/10\/PRINMA_2-2-300x89.png\" alt=\"\" width=\"260\" height=\"77\" srcset=\"https:\/\/blogs.ugr.es\/xiiiaiecm3\/wp-content\/uploads\/sites\/92\/2021\/10\/PRINMA_2-2-300x89.png 300w, https:\/\/blogs.ugr.es\/xiiiaiecm3\/wp-content\/uploads\/sites\/92\/2021\/10\/PRINMA_2-2-700x207.png 700w, https:\/\/blogs.ugr.es\/xiiiaiecm3\/wp-content\/uploads\/sites\/92\/2021\/10\/PRINMA_2-2.png 800w\" sizes=\"auto, (max-width: 260px) 100vw, 260px\" \/><\/p>\n<p>&nbsp;<\/p>\n<p><strong>COLLABORATE:<\/strong><\/p>\n<p><img loading=\"lazy\" decoding=\"async\" class=\"alignnone wp-image-610 \" src=\"https:\/\/blogs.ugr.es\/xiiiaiecm3\/wp-content\/uploads\/sites\/92\/2021\/10\/AEAM_2-1-300x62.png\" alt=\"\" width=\"135\" height=\"28\" srcset=\"https:\/\/blogs.ugr.es\/xiiiaiecm3\/wp-content\/uploads\/sites\/92\/2021\/10\/AEAM_2-1-300x62.png 300w, https:\/\/blogs.ugr.es\/xiiiaiecm3\/wp-content\/uploads\/sites\/92\/2021\/10\/AEAM_2-1.png 600w\" sizes=\"auto, (max-width: 135px) 100vw, 135px\" \/> <img loading=\"lazy\" decoding=\"async\" class=\"alignnone wp-image-611\" src=\"https:\/\/blogs.ugr.es\/xiiiaiecm3\/wp-content\/uploads\/sites\/92\/2021\/10\/ALHAMBRA_VERT_Verde-1-300x285.png\" alt=\"\" width=\"153\" height=\"145\" srcset=\"https:\/\/blogs.ugr.es\/xiiiaiecm3\/wp-content\/uploads\/sites\/92\/2021\/10\/ALHAMBRA_VERT_Verde-1-300x285.png 300w, https:\/\/blogs.ugr.es\/xiiiaiecm3\/wp-content\/uploads\/sites\/92\/2021\/10\/ALHAMBRA_VERT_Verde-1-700x664.png 700w, https:\/\/blogs.ugr.es\/xiiiaiecm3\/wp-content\/uploads\/sites\/92\/2021\/10\/ALHAMBRA_VERT_Verde-1.png 800w\" sizes=\"auto, (max-width: 153px) 100vw, 153px\" \/> <img loading=\"lazy\" decoding=\"async\" class=\"alignnone wp-image-612\" src=\"https:\/\/blogs.ugr.es\/xiiiaiecm3\/wp-content\/uploads\/sites\/92\/2021\/10\/CEHG_2-1-300x241.png\" alt=\"\" width=\"158\" height=\"127\" srcset=\"https:\/\/blogs.ugr.es\/xiiiaiecm3\/wp-content\/uploads\/sites\/92\/2021\/10\/CEHG_2-1-300x241.png 300w, https:\/\/blogs.ugr.es\/xiiiaiecm3\/wp-content\/uploads\/sites\/92\/2021\/10\/CEHG_2-1.png 311w\" sizes=\"auto, (max-width: 158px) 100vw, 158px\" \/> <img loading=\"lazy\" decoding=\"async\" class=\"alignnone wp-image-613\" src=\"https:\/\/blogs.ugr.es\/xiiiaiecm3\/wp-content\/uploads\/sites\/92\/2021\/10\/Dep_prehis_2-1-300x172.png\" alt=\"\" width=\"181\" height=\"104\" srcset=\"https:\/\/blogs.ugr.es\/xiiiaiecm3\/wp-content\/uploads\/sites\/92\/2021\/10\/Dep_prehis_2-1-300x172.png 300w, https:\/\/blogs.ugr.es\/xiiiaiecm3\/wp-content\/uploads\/sites\/92\/2021\/10\/Dep_prehis_2-1-700x401.png 700w, https:\/\/blogs.ugr.es\/xiiiaiecm3\/wp-content\/uploads\/sites\/92\/2021\/10\/Dep_prehis_2-1.png 800w\" sizes=\"auto, (max-width: 181px) 100vw, 181px\" \/> <img loading=\"lazy\" decoding=\"async\" class=\"alignnone wp-image-614\" src=\"https:\/\/blogs.ugr.es\/xiiiaiecm3\/wp-content\/uploads\/sites\/92\/2021\/10\/ETSA_2-1-300x105.png\" alt=\"\" width=\"153\" height=\"54\" srcset=\"https:\/\/blogs.ugr.es\/xiiiaiecm3\/wp-content\/uploads\/sites\/92\/2021\/10\/ETSA_2-1-300x105.png 300w, https:\/\/blogs.ugr.es\/xiiiaiecm3\/wp-content\/uploads\/sites\/92\/2021\/10\/ETSA_2-1-700x244.png 700w, https:\/\/blogs.ugr.es\/xiiiaiecm3\/wp-content\/uploads\/sites\/92\/2021\/10\/ETSA_2-1.png 800w\" sizes=\"auto, (max-width: 153px) 100vw, 153px\" \/> <img loading=\"lazy\" decoding=\"async\" class=\"alignnone wp-image-615\" src=\"https:\/\/blogs.ugr.es\/xiiiaiecm3\/wp-content\/uploads\/sites\/92\/2021\/10\/Fundacion_Fajalauza_2-1-300x138.png\" alt=\"\" width=\"134\" height=\"61\" srcset=\"https:\/\/blogs.ugr.es\/xiiiaiecm3\/wp-content\/uploads\/sites\/92\/2021\/10\/Fundacion_Fajalauza_2-1-300x138.png 300w, https:\/\/blogs.ugr.es\/xiiiaiecm3\/wp-content\/uploads\/sites\/92\/2021\/10\/Fundacion_Fajalauza_2-1-700x323.png 700w, https:\/\/blogs.ugr.es\/xiiiaiecm3\/wp-content\/uploads\/sites\/92\/2021\/10\/Fundacion_Fajalauza_2-1.png 800w\" sizes=\"auto, (max-width: 134px) 100vw, 134px\" \/>\u00a0<img loading=\"lazy\" decoding=\"async\" class=\"alignnone wp-image-650\" src=\"https:\/\/blogs.ugr.es\/xiiiaiecm3\/wp-content\/uploads\/sites\/92\/2021\/11\/WhatsApp-Image-2021-11-02-at-09.16.22-300x53.jpeg\" alt=\"\" width=\"345\" height=\"61\" srcset=\"https:\/\/blogs.ugr.es\/xiiiaiecm3\/wp-content\/uploads\/sites\/92\/2021\/11\/WhatsApp-Image-2021-11-02-at-09.16.22-300x53.jpeg 300w, https:\/\/blogs.ugr.es\/xiiiaiecm3\/wp-content\/uploads\/sites\/92\/2021\/11\/WhatsApp-Image-2021-11-02-at-09.16.22-700x123.jpeg 700w, https:\/\/blogs.ugr.es\/xiiiaiecm3\/wp-content\/uploads\/sites\/92\/2021\/11\/WhatsApp-Image-2021-11-02-at-09.16.22.jpeg 800w\" sizes=\"auto, (max-width: 345px) 100vw, 345px\" \/> <img loading=\"lazy\" decoding=\"async\" class=\"alignnone wp-image-617\" src=\"https:\/\/blogs.ugr.es\/xiiiaiecm3\/wp-content\/uploads\/sites\/92\/2021\/10\/LOGO_UEugrCA_3-1.png\" alt=\"\" width=\"153\" height=\"87\" \/> <img loading=\"lazy\" decoding=\"async\" class=\"alignnone wp-image-618\" src=\"https:\/\/blogs.ugr.es\/xiiiaiecm3\/wp-content\/uploads\/sites\/92\/2021\/10\/Master_Arq_2-1-300x137.png\" alt=\"\" width=\"160\" height=\"73\" srcset=\"https:\/\/blogs.ugr.es\/xiiiaiecm3\/wp-content\/uploads\/sites\/92\/2021\/10\/Master_Arq_2-1-300x137.png 300w, https:\/\/blogs.ugr.es\/xiiiaiecm3\/wp-content\/uploads\/sites\/92\/2021\/10\/Master_Arq_2-1-700x320.png 700w, https:\/\/blogs.ugr.es\/xiiiaiecm3\/wp-content\/uploads\/sites\/92\/2021\/10\/Master_Arq_2-1.png 800w\" sizes=\"auto, (max-width: 160px) 100vw, 160px\" \/> <img loading=\"lazy\" decoding=\"async\" class=\"alignnone wp-image-619\" src=\"https:\/\/blogs.ugr.es\/xiiiaiecm3\/wp-content\/uploads\/sites\/92\/2021\/10\/Patrimonino_Cultural_2-1.png\" alt=\"\" width=\"162\" height=\"44\" \/> <img loading=\"lazy\" decoding=\"async\" class=\"alignnone wp-image-620\" src=\"https:\/\/blogs.ugr.es\/xiiiaiecm3\/wp-content\/uploads\/sites\/92\/2021\/10\/Posttery_2-1-300x236.png\" alt=\"\" width=\"135\" height=\"106\" srcset=\"https:\/\/blogs.ugr.es\/xiiiaiecm3\/wp-content\/uploads\/sites\/92\/2021\/10\/Posttery_2-1-300x236.png 300w, https:\/\/blogs.ugr.es\/xiiiaiecm3\/wp-content\/uploads\/sites\/92\/2021\/10\/Posttery_2-1-700x550.png 700w, https:\/\/blogs.ugr.es\/xiiiaiecm3\/wp-content\/uploads\/sites\/92\/2021\/10\/Posttery_2-1.png 800w\" sizes=\"auto, (max-width: 135px) 100vw, 135px\" \/><\/p>\n<p>&nbsp;<\/p>\n","protected":false},"excerpt":{"rendered":"<p>XIIIth Congress AIECM3 on Medieval and Modern Period Mediterranean Ceramics Granada, 8 to 13 November 2021 1 The XIIIth Congress on Medieval and Modern Period Mediterranean Ceramics of AIECM3 organized by AIECM3, Universidad de Granada (Departamento de Historia Medieval y Ciencias y T\u00e9cnicas Historiogr\u00e1ficas) and PRINMA; on 8-13 November 2021. AIECM3 is an international association [&hellip;]<\/p>\n","protected":false},"author":566,"featured_media":0,"parent":0,"menu_order":0,"comment_status":"closed","ping_status":"closed","template":"","meta":{"footnotes":""},"categories":[],"tags":[],"class_list":["post-271","page","type-page","status-publish","hentry"],"_links":{"self":[{"href":"https:\/\/blogs.ugr.es\/xiiiaiecm3\/wp-json\/wp\/v2\/pages\/271","targetHints":{"allow":["GET"]}}],"collection":[{"href":"https:\/\/blogs.ugr.es\/xiiiaiecm3\/wp-json\/wp\/v2\/pages"}],"about":[{"href":"https:\/\/blogs.ugr.es\/xiiiaiecm3\/wp-json\/wp\/v2\/types\/page"}],"author":[{"embeddable":true,"href":"https:\/\/blogs.ugr.es\/xiiiaiecm3\/wp-json\/wp\/v2\/users\/566"}],"replies":[{"embeddable":true,"href":"https:\/\/blogs.ugr.es\/xiiiaiecm3\/wp-json\/wp\/v2\/comments?post=271"}],"version-history":[{"count":4,"href":"https:\/\/blogs.ugr.es\/xiiiaiecm3\/wp-json\/wp\/v2\/pages\/271\/revisions"}],"predecessor-version":[{"id":657,"href":"https:\/\/blogs.ugr.es\/xiiiaiecm3\/wp-json\/wp\/v2\/pages\/271\/revisions\/657"}],"wp:attachment":[{"href":"https:\/\/blogs.ugr.es\/xiiiaiecm3\/wp-json\/wp\/v2\/media?parent=271"}],"wp:term":[{"taxonomy":"category","embeddable":true,"href":"https:\/\/blogs.ugr.es\/xiiiaiecm3\/wp-json\/wp\/v2\/categories?post=271"},{"taxonomy":"post_tag","embeddable":true,"href":"https:\/\/blogs.ugr.es\/xiiiaiecm3\/wp-json\/wp\/v2\/tags?post=271"}],"curies":[{"name":"wp","href":"https:\/\/api.w.org\/{rel}","templated":true}]}}