{"id":992,"date":"2022-03-09T09:31:12","date_gmt":"2022-03-09T08:31:12","guid":{"rendered":"https:\/\/blogs.ugr.es\/xiiiaiecm3\/?page_id=992"},"modified":"2022-09-19T11:23:55","modified_gmt":"2022-09-19T09:23:55","slug":"normas-de-presentacion-de-originales","status":"publish","type":"page","link":"https:\/\/blogs.ugr.es\/xiiiaiecm3\/normas-de-presentacion-de-originales\/","title":{"rendered":"Normas de presentaci\u00f3n de originales"},"content":{"rendered":"<p style=\"text-align: center\"><strong>XIII Congreso sobre Cer\u00e1mica Mediterr\u00e1nea Medieval y Moderna de la AIECM3<\/strong><\/p>\n<p>Normas de presentaci\u00f3n de originales (en): <a href=\"https:\/\/blogs.ugr.es\/xiiiaiecm3\/wp-content\/uploads\/sites\/92\/2022\/03\/NORMAS-XIII-AIECM3-2021-en.pdf\">NORMAS XIII AIECM3 2021 &#8211; en<\/a><\/p>\n<p>Normas de presentaci\u00f3n de originales (sp): <a href=\"https:\/\/blogs.ugr.es\/xiiiaiecm3\/wp-content\/uploads\/sites\/92\/2022\/03\/NORMAS-XIII-AIECM3-2021_sp-1.pdf\">NORMAS XIII AIECM3 2021_sp<\/a><\/p>\n<p>La publicaci\u00f3n en las actas de este congreso implica que los autores de cada contribuci\u00f3n son responsables de que su trabajo no haya sido publicado en otro lugar y de que haya sido le\u00eddo y aprobado por todos los autores firmantes del trabajo. Tanto los coordinadores de la publicaci\u00f3n como la editorial asumen que todos los autores han obtenido los permisos necesarios publicar material gr\u00e1fico sujeto a derechos de autor y han pagado tarifas de reproducci\u00f3n que el propietario solicite, si las hubiera.<br \/>\nLa publicaci\u00f3n en las actas de este congreso implica tambi\u00e9n cumplir y seguir las normas de entrega, redacci\u00f3n, cita y extensi\u00f3n que se enumeran a continuaci\u00f3n.<\/p>\n<p><strong>0. Fecha l\u00edmite de presentaci\u00f3n<\/strong><br \/>\nLa fecha l\u00edmite para enviar todas contribuciones es el 15 de octubre de 2022.<br \/>\nLos originales solo podr\u00e1n enviarse a trav\u00e9s de correo electr\u00f3nico a: &#x69;&#x6e;&#x66;&#x6f;&#x61;&#x69;&#x65;&#99;&#109;&#51;&#103;&#114;&#64;gma&#x69;&#x6c;&#x2e;&#x63;&#x6f;&#x6d;<br \/>\nSi fuese necesario, se podr\u00e1 utilizar WeTransfer para remitir la contribuci\u00f3n.<\/p>\n<p><strong>1. Extensi\u00f3n<\/strong><br \/>\nLas comunicaciones no deber\u00e1n exceder de 10 p\u00e1ginas A4 (aproximadamente 25.000 caracteres con espacios) incluyendo resumen, cuerpo del art\u00edculo, pies de figuras, notas (si las hubiera), bibliograf\u00eda e ilustraciones.<br \/>\nEn el caso de los posters, la extensi\u00f3n m\u00e1xima ser\u00e1 de 4 p\u00e1ginas A4 (aproximadamente 10.000 caracteres con espacios) incluidas las ilustraciones, pies de figuras, notas y bibliograf\u00eda.<br \/>\nSe podr\u00e1n incluir tantas im\u00e1genes como se estime oportuno, teniendo en cuenta que cada imagen a p\u00e1gina completa computar\u00e1 como 2.500 caracteres con espacios.<br \/>\nLos textos que superen los l\u00edmites antes citados ser\u00e1n devueltos a sus autores para su reducci\u00f3n.<\/p>\n<p><strong>2. Forma de la entrega<\/strong><br \/>\nLos originales estar\u00e1n compuestos por un \u00fanico archivo de texto, que deber\u00e1 llamarse: FirstAuthorSurname_Text.<br \/>\nDeber\u00e1 estar escrito en tipograf\u00eda Times New Roman, tama\u00f1o 11 con interlineado sencillo, en formato DOC, DOCX o compatible, en el que se incluir\u00e1n, en este orden:<\/p>\n<ul>\n<li>T\u00edtulo de la contribuci\u00f3n.<\/li>\n<li>Resumen del art\u00edculo en la lengua original y en ingl\u00e9s, con cinco palabras clave en ambos idiomas. El resumen deber\u00e1 tener entre 75 y 150 palabras (solo en el caso de los art\u00edculos). En el caso de que la contribuci\u00f3n est\u00e9 redactada en ingl\u00e9s, el segundo resumen ser\u00e1 en castellano.<\/li>\n<li>Texto general del art\u00edculo con notas al pie, si las hubiere.<\/li>\n<li>Pies de im\u00e1genes, referidas a los archivos gr\u00e1ficos. Si alguna o varias de las im\u00e1genes no hubieran sido realizadas por el autor, se consignar\u00e1 el nombre del autor en el propio texto asociado.<\/li>\n<\/ul>\n<p>Todas las ilustraciones deben numerarse consecutivamente como figuras y hacer referencia en el texto insertado entre par\u00e9ntesis como (Fig.1), (Fig.2), etc.<br \/>\nCada imagen deber\u00e1 tener una calidad m\u00ednima de 300 ppp, formato JPG o TIFF, y no deber\u00e1n ser inferiores a 100 x 150 mm. No se aceptar\u00e1n im\u00e1genes pegadas en archivos DOC, DOCX, o similares. Las im\u00e1genes no deber\u00e1n ser enmarcadas ni recuadradas en modo alguno.<br \/>\nEn el caso de presentarse varias im\u00e1genes agrupadas en una l\u00e1mina, solo \u00e9sta tendr\u00e1 un n\u00famero de figura, mientras que las diferentes im\u00e1genes que se agrupen en la l\u00e1mina se designar\u00e1n con una letra may\u00fascula. La numeraci\u00f3n ser\u00e1 continua dentro de la l\u00e1mina y reiniciar\u00e1 con cada l\u00e1mina.<br \/>\nEn el caso de incluirse tablas, \u00e9stas ser\u00e1n consideradas figuras, y deber\u00e1n adjuntarse en un formato editable (DOC, DOCX, XLS, XLSX, o similar) a fin de adaptar su dise\u00f1o a la maquetaci\u00f3n.<br \/>\nCada archivo gr\u00e1fico deber\u00e1 nombrarse: FirstAuthorSurname_FigX, siendo X el numero otorgado por el autor a cada figura.<\/p>\n<p><strong>3. Estilo y estructura<\/strong><br \/>\nNo deber\u00e1n incluirse notas al pie ni en el t\u00edtulo del trabajo, ni en los res\u00famenes, ni en los pies de figuras, ni en el nombre de los autores. Solo podr\u00e1n incluirse en el cuerpo principal del texto. De la misma manera, se procurar\u00e1 no incluir notas al pie en tablas.<br \/>\nEn la autor\u00eda del trabajo no se podr\u00e1n hacer menciones de distinci\u00f3n entre los firmantes, tales como \u201ccoordinador\u201d, \u201ceditor\u201d, \u201ccompilador\u201d, \u201cdirector\u201d, &#8230;<br \/>\nEn los encabezados de los diferentes apartados del texto se deber\u00e1n ce\u00f1ir a la siguiente clasificaci\u00f3n:<\/p>\n<ul>\n<li>Primer nivel: 1. MAY\u00daSCULA Y NEGRITA<\/li>\n<li>Segundo nivel: 1.1. Min\u00fascula y negrita<\/li>\n<li>Tercer nivel: 1.1.1. Min\u00fascula cursiva<\/li>\n<\/ul>\n<p>Al remarcar palabras en el cuerpo del texto se usar\u00e1 exclusivamente la cursiva, nunca subrayados ni las negritas. No se permiten subrayados ni en el texto, ni los t\u00edtulos ni en las citas bibliogr\u00e1ficas.<br \/>\nEl \u00fanico sistema de cita admitido es el tipo Harvard. Est\u00e1n permitidas las notas en el texto, que ir\u00e1n a pie de p\u00e1gina, siempre que se refieran a aclaraciones al texto, no a citas bibliogr\u00e1ficas.<br \/>\nLa cita en sistema Harvard ser\u00e1 entre par\u00e9ntesis con el apellido\/os del autor\/es, seguido por una coma y el a\u00f1o de la publicaci\u00f3n de la obra. La inclusi\u00f3n en la cita del segundo apellido solo estar\u00e1 justificada en caso de que el primer apellido fuera muy com\u00fan. La cita de las p\u00e1ginas se realizar\u00e1 tras el a\u00f1o, seguido por el signo de dos puntos y un espacio (L\u00f3pez P\u00e9rez, 1998: 23 y 1999: 76-80).<br \/>\nLos art\u00edculos con m\u00e1s de tres autores se citar\u00e1n en el texto con el apellido\/s del primero y la expresi\u00f3n \u201cet al.\u201d en cursiva. En la relaci\u00f3n bibliogr\u00e1fica al final del art\u00edculo no se utilizar\u00e1 esta expresi\u00f3n y se rese\u00f1ar\u00e1n todos los autores al completo de cada contribuci\u00f3n.<br \/>\nLa bibliograf\u00eda ir\u00e1 localizada al final, ordenada alfab\u00e9tica y cronol\u00f3gicamente, citada seg\u00fan las pautas establecidas en el sistema Harvard.<\/p>\n<ul>\n<li>Apellidos en min\u00fascula, coma, inicial del nombre de pila [dos apellidos si se utilizaron en la firma original del trabajo][si dos autores, utilizar \u2018y\u2019, si son tres, utilizar \u2018,\u2019 e \u2018y\u2019 para el \u00faltimo], coma, espacio, a\u00f1o entre par\u00e9ntesis [si han de figurar dos, separados por guion sin espacios], dos puntos, espacio, t\u00edtulo completo de la obra en cursiva, coma, espacio, lugar de publicaci\u00f3n, dos puntos, espacio, editorial.<\/li>\n<\/ul>\n<p>En el caso de los art\u00edculos de revistas, tras el nombre completo de la obra entrecomillado se deber\u00e1 consignar \u00fanicamente el nombre de la revista en cursiva, seguido del n\u00famero del volumen y del arco de p\u00e1ginas que ocupa en el mismo [si han de figurar dos cifras, se separar\u00e1n por un guion sin espacios]. No hay que indicar el lugar de publicaci\u00f3n ni editorial.<br \/>\nA modo de ejemplo, se podr\u00edan dar algunos de estos casos:<\/p>\n<ul>\n<li>Cobos Guerra, F., Retuerce Velasco, M. y Escudero Navarro, Z. (2009): El castillo de Cornatel, en Priaranza del Bierzo, Le\u00f3n, Cuadernos de Restauraci\u00f3n 9, Valladolid: Fundaci\u00f3n del Patrimonio Hist\u00f3rico de Castilla y Le\u00f3n.<\/li>\n<li>Pav\u00f3n Maldonado, B. (1986): \u201cCorachas hispano-musulmanas. Ensayo sem\u00e1ntico arqueol\u00f3gico\u201d, Al-Qantara VII, pp. 331-382.<\/li>\n<li>Rius, M. (2004): \u201cLa alquibla de las mezquitas en al-Andalus. El caso de Guardamar\u201d, en Azuar Ruiz, R. [ed.]: El ribat califal. Excavaciones e investigaciones (1984-1992), Collection de la Casa de Vel\u00e1zquez, 85, Madrid: Casa de Vel\u00e1zquez\/Museo Arqueol\u00f3gico de Alicante, pp. 147-152.<\/li>\n<\/ul>\n<p>Cuando se cite m\u00e1s de una publicaci\u00f3n del mismo autor en el mismo a\u00f1o, se a\u00f1adir\u00e1n letras min\u00fasculas en orden alfab\u00e9tico a continuaci\u00f3n del a\u00f1o:<\/p>\n<ul>\n<li>Mench\u00f3n Bes, J. (2013b): \u201cFortificaciones y defensas de la ciudad de Tarragona: del siglo II a.C. al siglo XIX\u201d, en Abella, D., Cardona, G. y Hern\u00e0ndez, F.X.: I Jornadas de Patrimonio defensivo en \u00e9poca moderna. In memoriam Agust\u00ed Veh\u00ed Castell\u00f3, Madrid: Ministerio de Defensa, pp. 117-130.<\/li>\n<\/ul>\n<p>Si en el texto original hubiera caracteres tipogr\u00e1ficos especiales (griego, \u00e1rabe, hebreo,\u2026) deber\u00e1n remitirse perfectamente definidos, adem\u00e1s de indicarse la fuente tipogr\u00e1fica utilizada para su composici\u00f3n. Los t\u00e9rminos \u00e1rabes y hebreos se transcribir\u00e1n seg\u00fan el sistema de las revistas Al-Qantara y Sefarad respectivamente.<\/p>\n<p><strong>3. Correcci\u00f3n de pruebas<\/strong><br \/>\nCada aportaci\u00f3n ser\u00e1 objeto de una sucinta correcci\u00f3n de estilo por parte del equipo editorial, envi\u00e1ndose a continuaci\u00f3n al autor para su correcci\u00f3n.<br \/>\nSolo se realizar\u00e1 una correcci\u00f3n de pruebas. En el caso de obras colectivas, solo se establecer\u00e1 contacto con uno de los autores; las correcciones deber\u00e1n ser unitarias y uniformes en todo el trabajo. Las correcciones confusas ser\u00e1n ignoradas.<br \/>\nLas correcciones se realizar\u00e1n en el archivo PDF con \u201cnotas inteligentes\u201d, indicando el cambio que deba realizarse.<\/p>\n","protected":false},"excerpt":{"rendered":"<p>XIII Congreso sobre Cer\u00e1mica Mediterr\u00e1nea Medieval y Moderna de la AIECM3 Normas de presentaci\u00f3n de originales (en): NORMAS XIII AIECM3 2021 &#8211; en Normas de presentaci\u00f3n de originales (sp): NORMAS XIII AIECM3 2021_sp La publicaci\u00f3n en las actas de este congreso implica que los autores de cada contribuci\u00f3n son responsables de que su trabajo no [&hellip;]<\/p>\n","protected":false},"author":566,"featured_media":0,"parent":0,"menu_order":0,"comment_status":"closed","ping_status":"closed","template":"","meta":{"footnotes":""},"categories":[],"tags":[],"class_list":["post-992","page","type-page","status-publish","hentry"],"_links":{"self":[{"href":"https:\/\/blogs.ugr.es\/xiiiaiecm3\/wp-json\/wp\/v2\/pages\/992","targetHints":{"allow":["GET"]}}],"collection":[{"href":"https:\/\/blogs.ugr.es\/xiiiaiecm3\/wp-json\/wp\/v2\/pages"}],"about":[{"href":"https:\/\/blogs.ugr.es\/xiiiaiecm3\/wp-json\/wp\/v2\/types\/page"}],"author":[{"embeddable":true,"href":"https:\/\/blogs.ugr.es\/xiiiaiecm3\/wp-json\/wp\/v2\/users\/566"}],"replies":[{"embeddable":true,"href":"https:\/\/blogs.ugr.es\/xiiiaiecm3\/wp-json\/wp\/v2\/comments?post=992"}],"version-history":[{"count":3,"href":"https:\/\/blogs.ugr.es\/xiiiaiecm3\/wp-json\/wp\/v2\/pages\/992\/revisions"}],"predecessor-version":[{"id":1012,"href":"https:\/\/blogs.ugr.es\/xiiiaiecm3\/wp-json\/wp\/v2\/pages\/992\/revisions\/1012"}],"wp:attachment":[{"href":"https:\/\/blogs.ugr.es\/xiiiaiecm3\/wp-json\/wp\/v2\/media?parent=992"}],"wp:term":[{"taxonomy":"category","embeddable":true,"href":"https:\/\/blogs.ugr.es\/xiiiaiecm3\/wp-json\/wp\/v2\/categories?post=992"},{"taxonomy":"post_tag","embeddable":true,"href":"https:\/\/blogs.ugr.es\/xiiiaiecm3\/wp-json\/wp\/v2\/tags?post=992"}],"curies":[{"name":"wp","href":"https:\/\/api.w.org\/{rel}","templated":true}]}}